 71*z. Determine k(m).
0
Let g(o) = -o**2 - o + 31. Let j be g(-5). Let k(m) = -2*m + 6. Give k(j).
-16
Let n(j) = -3. Let x(p) = -p - 2. Let q(i) = n(i) + 2*x(i). What is q(-7)?
7
Suppose 2*g = -7*g - 27. Let w be 1/g + (6 - (-84)/(-18)). Let z(q) be the first derivative of 4*q**3/3 - q**2 + q - 1. Calculate z(w).
3
Let f(y) = y**3 + 18*y**2 - 3*y - 60. Suppose 3 = -5*m + 2*m, 124 = -7*q + 2*m. Determine f(q).
-6
Let l(f) = -f**2 + f + 15. Suppose 2*x - 19 = 5*h, -3*x - 3*h = -94 + 118. What is l(x)?
3
Let r = 54 - 54. Suppose r = -5*j + 12 - 2. Let d(h) be the first derivative of -h**3/3 + h - 2. Give d(j).
-3
Let z be 5/((0 - 1)*-1). Suppose -1 - 9 = -z*f. Suppose 0 = -i + f*i + 5. Let c(y) = -2*y - 5. Calculate c(i).
5
Let x(l) = -23*l - 14. Let m be x(-2). Let c(q) = 2 + m*q**2 - 61*q**2 + 27*q**2 + 2*q + q**3. Suppose 2*o - 7 = -3. Determine c(o).
6
Let x(g) = -6*g - 7*g + 5 + 5*g**2 + 6*g - g**3. Let c(j) = j**2 + 4. Let v be c(0). Give x(v).
-7
Let a(h) = 178 + 4*h + 183 - 2*h - 344. What is a(-11)?
-5
Let c(h) = -h**3 + h**2 + h. Let w(x) = -5*x**3 + 4*x + 1. Let q(n) = 6*c(n) - w(n). Suppose 0*p - 4*b + 16 = 2*p, b = 1. Give q(p).
11
Suppose -93 = -5*f + 2*c, -8*c = -3*c + 20. Let h(n) = n**2 - 16*n - 21. Determine h(f).
-4
Let f(h) = 2*h - 2*h - 5 + h**3 + 6*h**2 + 4*h. Let y = 237 - 242. Calculate f(y).
0
Let w(h) be the third derivative of h**6/120 + h**5/12 + h**4/24 + h**3 - 5*h**2. Let l(k) = -17*k + 46. Let q be l(3). Give w(q).
1
Let p(i) = 0*i + 5*i**2 - 2 - 4*i**2 - i + 4*i. Let t = -16 + 13. Let w be -2*3 + t + 5. Give p(w).
2
Suppose 6*r = r + 10. Let z(u) = 5*u - 38 + 35 + u**2 - 2*u**r. Give z(4).
1
Let q be (8 - (-126)/(-27))/(1/((-6)/4)). Let t(y) be the third derivative of -y**4/24 + y**3/2 + y**2. Give t(q).
8
Let v(b) = -57*b + 564. Let r be v(10). Let d(n) = n**2 + 2*n + 3. Give d(r).
27
Let b(t) = 5*t - 7. Let w = -597 - -600. What is b(w)?
8
Let k(f) = 2*f**3 - 11*f**2 - 6*f + 46. Let g be k(5). Let w(p) = p - 4. Determine w(g).
-13
Let p(f) = 6*f**2 - 3*f. Let q be ((-22)/(-4) - 6)*-4. Give p(q).
18
Let d be 12/9 - (-1950)/(-234). Let a(y) = -y + 3. What is a(d)?
10
Let r = 62 + -59. Let l(z) = z**3 - 17*z + 4*z + 0*z**r + 11*z. What is l(2)?
4
Let g(z) = z**3 - 4*z**2 + 3*z - 4. Suppose -3*u = -r + 2*r - 6, -2*u - 4*r + 14 = 0. Let s = 15 - u. Suppose -2 = 3*w - s. What is g(w)?
8
Let o(z) = 3*z + 1 - 10*z + 2*z + 4*z. What is o(-6)?
7
Let w(o) be the first derivative of o**3/3 - 5*o**2 - 12*o - 159. Calculate w(11).
-1
Let b(o) be the second derivative of o**4/12 + o**3 - o**2/2 - 4*o. What is b(-4)?
-9
Let y(q) = -q**3 - 5*q**2 + 7*q + 4. Let w be ((-12)/(-16))/((-1)/4). Let h(g) = 12 + 24*g - 21*g - 9. Let k be h(w). What is y(k)?
-2
Let z(s) = -12*s**3 - 8*s**2 - 3*s - 11. Let d(o) = 4*o**3 + 3*o**2 + o + 4. Let f(h) = -17*d(h) - 6*z(h). What is f(2)?
20
Let m(w) = -3*w + 12. Let b be m(-11). Let r(t) = 46*t**3 - b*t**3 - t**2 + 5*t**2 + t + 6. Let l be r(-4). Let j(k) = -k**2 + 2*k - 1. Determine j(l).
-1
Let n(d) = d**3 - 5*d**2. Let q = -16 + 14. Let y be (-106)/(-4) + (-3)/q. Suppose -5 = t - 5*l, -t - 3*t + y = 4*l. What is n(t)?
0
Let h be (4/(-6))/((-1)/18). Suppose -4*z + 0*z + 7 = -3*o, -2*o = z + h. Let g(j) be the first derivative of j**4/4 + j**3/3 - j + 1. Determine g(z).
-5
Let s(o) = -1 - 1310*o - 1312*o + 2623*o. What is s(-8)?
-9
Suppose 4*a - 42 + 34 = 0. Let q(t) be the first derivative of -1/2*t**a - 10 + 7*t. Calculate q(6).
1
Let a(x) = 2*x - 6. Let l be a(6). Suppose -3*j = -2*j + l. Let i(c) = -5*c - 6. Let q(v) = -v. Let r(m) = i(m) - 4*q(m). Calculate r(j).
0
Let s be 15*(-2)/((-10)/3). Suppose 0 = 6*q - s*q + 18. Let l(p) = 2*p - 6. Determine l(q).
6
Let r(y) = -6*y**3 - 9*y**2 + 8*y - 46. Let x(f) = 5*f**3 + 9*f**2 - 7*f + 39. Let c(w) = -6*r(w) - 7*x(w). Give c(9).
12
Let h(t) = 20 + t**2 - 8*t + 53 - 71. Let m(l) = l**3 - 9*l**2 + l - 1. Let i be m(9). Determine h(i).
2
Let h(o) be the first derivative of o**2/2 - 20*o + 103. Calculate h(7).
-13
Let v(j) = -j**3 - 45*j**2 + 2*j + 92. Let l be v(-45). Let w(k) = -21*k + 2. What is w(l)?
-40
Let p(r) = 857*r - 3405*r + 26 + 850*r + 849*r + 850*r. Determine p(-20).
6
Let j(x) = 11*x**2 + 4*x + 2. Let t = 139 + -141. Calculate j(t).
38
Suppose -4*z = -7*z - 3*d + 27, 0 = 7*z + 2*d - 38. Let x(f) = -f**2 - 1. What is x(z)?
-17
Let g be -7 - (-4)/(-12)*(-31 - -13). Let v be 1/2 - (-15)/10. Let s(o) = -2 + 1 + 0*o**v - o**2. Give s(g).
-2
Let l = 267 + -272. Let a(t) = t**2 + 4*t + 2. Calculate a(l).
7
Let c(l) = -10*l**2 - l + 3. Let t be c(-1). Let v = 11 - 7. Let z(d) = -8 + 4*d + v*d - 3*d - d**2 + 2*d**2. What is z(t)?
-2
Let s(w) = -11*w + 20. Let z(r) = -5*r + 9. Let y(f) = 4*s(f) - 9*z(f). Let j = -21 + 25. Determine y(j).
3
Let n(d) = -3*d. Let s be n(1). Let i(l) = 43*l**2 + 8*l - 5. Let m(u) = -93*u**2 - 17*u + 11. Let o(r) = -13*i(r) - 6*m(r). What is o(s)?
-4
Let b(g) = g**3 - 8*g**2 + 2*g - 11. Let a = -142 + 150. Determine b(a).
5
Let m = -58 + 68. Let y(l) = -2*l - 9 + m + 5. Give y(4).
-2
Let p(q) = -3*q. Let a(c) = -4*c - 15. Let i be a(-6). Suppose -1 = -4*z - i. What is p(z)?
6
Let r(d) = -2*d - d + d - 5 - 3*d + d**2. What is r(4)?
-9
Let a = -8 + 6. Let d(i) = i**2. Determine d(a).
4
Let y be 125 - (1 + -3 - -4). Let x(p) = -2*p - p**2 - 1 + 0*p**2 - 122*p**3 + y*p**3. Calculate x(2).
-1
Let s(u) = 3*u**2 + 21*u - 3. Let w(d) = -d**2 - 7*d + 1. Let p(r) = -3*s(r) - 8*w(r). Calculate p(-6).
7
Suppose 2*d - 5 = -3*c + 4*c, -29 = -3*c - 5*d. Let g(j) = -10 - j + 2*j - 3*j + c. Let q be (8 - 2)/(-1 + 0). Calculate g(q).
5
Suppose 3*r + 5 = -2*r. Let z(b) be the third derivative of b**4/24 + 5*b**3/6 - 29*b**2. Let h(q) = 1. Let n(j) = r*h(j) - z(j). Give n(-4).
-2
Let w be ((-3)/2)/((-6)/(-8)). Let g(d) = -465*d**2 + 2 + 459*d**2 - d + 3*d. What is g(w)?
-26
Let f(y) be the first derivative of -3*y**2 - 3*y + 34. Let s(i) = -7*i - 4. Let g(q) = 3*f(q) - 2*s(q). What is g(-3)?
11
Suppose -5*j + 52*x - 20 = 54*x, 3*j + 31 = -5*x. Let v(k) = -28*k + 2. Calculate v(j).
58
Suppose 11*y - 22 = 22. Let j(b) = -b**2 + 4*b - 3. Give j(y).
-3
Suppose m - r = 2*r, 22 = -2*m - 5*r. Let c(g) be the second derivative of 0 - 1/6*g**3 - g**2 + g. Give c(m).
4
Let g(q) be the third derivative of -q**2 + 0 + 11*q + 1/24*q**4 + 7/6*q**3. What is g(-8)?
-1
Let s(d) = 11 + 13*d**2 - d**3 + 196*d - 91*d - 106*d. What is s(13)?
-2
Let v(c) = 19*c**2 - c - 1. Let x be v(-1). Let n = -15 + x. Suppose 13*b + n = 9*b. Let p(z) = 3*z**3 - 1. Calculate p(b).
-4
Let t(o) = 17*o**2 + o - 15. Let a(m) = 48*m**2 + 2*m - 43. Let f(c) = -6*a(c) + 17*t(c). Suppose 5*j = -15 - 10. Calculate f(j).
3
Let p = -20 - -27. Let x(h) = -15*h**3 + 5*h**2 - 4*h - 9. Let a(r) = 8*r**3 - 3*r**2 + 2*r + 5. Let t(q) = p*a(q) + 4*x(q). Suppose 2 - 1 = -v. What is t(v)?
4
Let n(u) = -u**2 - 8*u + 4. Suppose 2*s - 4*o + 24 = 0, s = 4*o - 3 - 15. Give n(s).
16
Let l be (5 + -4)*6 + -2. Suppose l*s = 8 - 28. Let b(c) = -7*c + 5 + 2*c - 2*c**2 + c**2. Calculate b(s).
5
Let i(x) = -14*x + 34*x + 7 - 4 - 10*x - 11*x. What is i(10)?
-7
Let i be -2 + 0 - (13 - 20). Let g be -3 + 2 + (3 - i). Let s(b) = b**2 + 4*b - 1. What is s(g)?
-4
Let z(k) = k - 7. Let j(x) = x**2 + 3*x + 4. Let n be j(-2). Suppose -3*r = -2*w - 23, 0 = n*r + 2*w - 0*w - 2. What is z(r)?
-2
Suppose -4*k = 4*n - 48, 13 = 24*k - 25*k + 4*n. Let j(y) = 1 - 3 + y**2 - 6 - 6*y. Give j(k).
-1
Let p(h) be the second derivative of -2*h**3/3 + 5*h**2/2 + 67*h. Let y be (2/(-6))/((-1)/18). Give p(y).
-19
Let g(x) = 5*x - 28. Let a(r) = -11. Let q(l) = -2*a(l) + g(l). What is q(3)?
9
Let v(m) be the third derivative of m**8/6720 - m**7/420 + m**6/720 - m**5/15 - 5*m**4/12 - m**2. Let o(f) be the second derivative of v(f). Give o(6).
-2
Let h(v) = -6. Let n(d) = -d - 12. Let b(a) = 7*h(a) - 3*n(a). Suppose 5*l = -153 + 123. Let r = 11 + l. What is b(r)?
9
Suppose 4*d = -18*m + 16*m + 28, -4*d = 3*m - 32. Suppose -2*v = v - 18. Let i(z) = -8*z**2 - 3*z + v*z + d*z**2. Give i(2).
-6
Let o(i) be the third derivative of 16*i**2 + 1/120*i**6 - 7/24*i**4 + 0*i + 0 - 1/20*i**5 + 2/3*i**3. Determine o(5).
19
Let r(u) = 5*u**3 + 2*u**2 + 4. Let b(t) = -3*t**3 - t**2 - 3. Let l(i) = -3*b(i) - 2*r(i). Let w = -1 + 0. Calcu